termine g(6).
-5
Let m(n) = n**3 - 6*n**2 + 8*n - 4. Give m(3).
-7
Let n(x) = -x**3 - 13*x**2 - 3*x + 5. What is n(-13)?
44
Let d(m) = m**2 - 15*m + 12. Determine d(8).
-44
Let j(u) = -2*u + 27. Determine j(13).
1
Let h(s) = s**3 + 4*s**2 + 5*s + 5. Give h(-4).
-15
Let p(o) = o + 23. Calculate p(-9).
14
Let n(l) = -l**2 + 18*l - 9. Give n(17).
8
Let h(z) = -z**2 + 35*z - 304. What is h(17)?
2
Let k(a) = 3*a - 11. Give k(6).
7
Let r(k) = -4*k**3 + 77*k**2 - 17*k - 31. Determine r(19).
7
Let q(v) = -2*v**2 + 47*v + 22. Determine q(24).
-2
Let r(g) = g**3 - 12*g**2 + 25*g - 36. Determine r(10).
14
Let g(v) = v**3 - 4*v**2 - 5*v + 5. Calculate g(5).
5
Let j(s) = 5*s + 6. Give j(5).
31
Let l(s) = -s + 14. Calculate l(16).
-2
Let j(o) = 4*o + 4. Calculate j(0).
4
Let x(n) = -6*n - 18. Calculate x(-6).
18
Let g(x) = -2*x + 31. Calculate g(9).
13
Let a(m) = -m**3 - 8*m**2 + 3*m + 4. Determine a(-8).
-20
Let m(d) = d**2 + 53*d - 697. Calculate m(-64).
7
Let q(z) = z**3 - 7*z**2 + 11*z - 4. What is q(5)?
1
Let w(g) = -g - 6. Calculate w(1).
-7
Let r(u) = 44*u + 486. Calculate r(-11).
2
Let c(j) = j**2 + 23*j + 6. Calculate c(-21).
-36
Let d(s) = -s**3 - 14*s**2 - 38*s + 15. Calculate d(-10).
-5
Let n(i) = -4*i + 8. What is n(-5)?
28
Let d(t) = t**3 + 21*t**2 - 23*t - 47. Determine d(-22).
-25
Let f(n) = 2*n + 1. Give f(-6).
-11
Let l(k) = -k + 12. What is l(0)?
12
Let h(a) = a**2 - 11*a + 28. What is h(14)?
70
Let k(o) = o**3 + 6*o**2 - 2*o - 8. Determine k(-6).
4
Let u(x) = -x**3 - 5*x**2 - 5*x - 9. What is u(-4)?
-5
Let v(f) = -9*f**2 - 1. What is v(-4)?
-145
Let d(v) = -v**3 + 31*v**2 - 26*v - 119. Give d(30).
1
Let u(o) = o**3 + 11*o**2 + 6*o + 8. Give u(-10).
48
Let l(p) = 8*p + 12. Give l(8).
76
Let g(p) = 4*p**2 - 17*p + 1. Give g(4).
-3
Let r(w) = w**3 - 7*w**2 + 2*w + 1. What is r(6)?
-23
Let u(z) = 2*z**2 + 15*z + 15. Calculate u(-6).
-3
Let j(d) = d**2 - 6*d + 2. Calculate j(8).
18
Let b(h) = -3*h**2 + 7*h - 21. What is b(3)?
-27
Let s(x) = x - 14. Determine s(10).
-4
Let y(b) = -2*b**2 - 12*b + 6. Determine y(-5).
16
Let q(o) = 6*o. Determine q(-2).
-12
Let d(b) = -4*b - 32. Calculate d(-8).
0
Let d(v) = -v**3 - 5*v**2 - 3*v - 6. What is d(-5)?
9
Let c(x) = 18*x + 15. Calculate c(3).
69
Let m(i) = -14*i - 190. What is m(-14)?
6
Let q(g) = -8*g - 137. Calculate q(-16).
-9
Let r(c) = -4*c**3 - c**2 + c + 2. Determine r(-1).
4
Let z(x) = -24*x - 69. Determine z(-6).
75
Let p(v) = 2*v + 26. Give p(-22).
-18
Let t(m) = m**3 - 12*m**2 + 11*m - 139. Give t(12).
-7
Let u(h) = -8*h + 19. What is u(3)?
-5
Let b(o) = -o**3 - 5*o**2 - 6*o. Calculate b(-4).
8
Let v(s) = -189*s**2 + 3*s - 2. Give v(1).
-188
Let j(z) = -2*z**2 + 9*z + 98. Give j(9).
17
Let z(y) = 4*y - 19. Determine z(-6).
-43
Let n(f) = -3*f + 61. Calculate n(19).
4
Let l(r) = 4*r + 20. What is l(-7)?
-8
Let a(b) = -2*b**3 + 17*b**2 - 13*b + 46. Give a(8).
6
Let r(i) = -6*i + 109. What is r(22)?
-23
Let q(m) = 3*m**3 + 2*m**2 - m - 1. Calculate q(-2).
-15
Let z(f) = -f**2 + 24*f + 29. Calculate z(25).
4
Let r(c) = -c**3 - 28*c**2 - 96*c + 3. Give r(-24).
3
Let f(m) = m**2 - 14*m - 19. Determine f(7).
-68
Let g(f) = 3*f + 6. Give g(-3).
-3
Let o(y) = -2*y**3 + 4*y**2 + y. Determine o(3).
-15
Let k(p) = 45*p**2 - p - 2. Calculate k(-1).
44
Let m(o) = o**3 + o**2 + 3*o - 8. Calculate m(0).
-8
Let f(b) = -8*b**2 + 5*b + 2. What is f(-3)?
-85
Let w(h) = 2*h**3 + 19*h**2 - h - 3. Determine w(-10).
-93
Let v(n) = -n**3 - 22*n**2 + n - 14. Give v(-22).
-36
Let x(q) = -3*q**3 + 3*q. Calculate x(-3).
72
Let n(h) = h**2 + h. Determine n(4).
20
Let q(a) = a**3 - a**2 + 2*a - 5. What is q(0)?
-5
Let c(o) = o**3 - 15*o**2 - 13*o - 41. Determine c(16).
7
Let y(l) = -l**3 - 2*l**2 + 2*l + 5. What is y(-3)?
8
Let i(m) = -6*m - 19. What is i(-4)?
5
Let r(b) = 8*b - 2. Calculate r(1).
6
Let h(n) = -n**3 + n**2 + 13*n - 25. What is h(2)?
-3
Let t(l) = -l**2 + 9*l + 7. Calculate t(17).
-129
Let m(n) = -n**2 + 18*n - 52. What is m(14)?
4
Let g(x) = -4*x**2 - x - 5. Calculate g(-5).
-100
Let k(t) = 12*t**2 + 4. Determine k(3).
112
Let o(l) = 3*l + 15. Give o(-2).
9
Let h(l) = 3*l**2 + 14*l - 15. Calculate h(-6).
9
Let l(c) = -7*c**2 - 2*c - 3. Calculate l(4).
-123
Let l(q) = 2*q**3 + 5*q**2 + 11*q + 11. What is l(-2)?
-7
Let a(l) = -l**3 + 4*l**2 - l + 3. Calculate a(3).
9
Let a(j) = -4*j**3 - 21*j**2 + 10*j + 3. Determine a(-6).
51
Let h(v) = 11*v + 40. Calculate h(-4).
-4
Let j(l) = -l**2 - 39*l + 211. Calculate j(5).
-9
Let n(a) = -a**2 - a + 14. Give n(-6).
-16
Let s(x) = -6*x - 4. Determine s(1).
-10
Let a(p) = p**3 - 11*p**2 + 14*p + 5. Calculate a(9).
-31
Let x(q) = q**3 - 6*q**2 + 4*q - 6. What is x(5)?
-11
Let f(r) = -r**3 + 7*r**2 - 4*r - 3. Calculate f(6).
9
Let t(k) = k**3 + 11*k**2 + 26*k - 16. Give t(-7).
-2
Let v(y) = 13*y - 110. Determine v(5).
-45
Let p(o) = o**2 - 5*o. Calculate p(6).
6
Let s(t) = -3*t - 31. What is s(-10)?
-1
Let p(g) = g**3 + 6*g**2 + 5*g - 5. What is p(-4)?
7
Let q(w) = -w**3 + 12*w**2 + 7*w - 15. Calculate q(12).
69
Let f(u) = -2*u - 2. What is f(-2)?
2
Let q(p) = p**2 - 7*p - 56. Give q(-5).
4
Let n(h) = h**2 - 13*h + 8. Calculate n(12).
-4
Let v(q) = -2*q**2 + 5*q + 5. Give v(4).
-7
Let k(q) = q**2 + q - 4. Determine k(-5).
16
Let j(l) = l - 2. Give j(8).
6
Let k(o) = -o**2 + o + 3. Calculate k(0).
3
Let o(j) = 15*j**2 + 314*j - 15. What is o(-21)?
6
Let x(m) = 16*m + 6. What is x(5)?
86
Let b(c) = 2*c**2 - 1. Give b(5).
49
Let x(u) = -u**2 + u + 8. Give x(6).
-22
Let k(x) = x - 3. Give k(3).
0
Let g(q) = q - 11. Determine g(-6).
-17
Let p(x) = -x**3 - 8*x**2 + 12*x + 20. Give p(-9).
-7
Let n(b) = -b**3 - 6*b**2 + 7*b + 5. Calculate n(-7).
5
Let z(f) = 43*f. What is z(-1)?
-43
Let p(s) = s**2 + 14*s - 7. Determine p(-14).
-7
Let t(h) = -8*h - 1. Calculate t(-1).
7
Let b(i) = i**3 - 21*i**2 - 6*i + 66. What is b(21)?
-60
Let i(t) = -t**3 + 9*t**2 - 7*t + 6. Calculate i(6).
72
Let o(h) = -2*h**2 - 7*h - 7. Give o(-6).
-37
Let f(k) = k - 32. Give f(0).
-32
Let g(q) = q**3 + 7*q - 11. Give g(3).
37
Let j(g) = -g**3 + 9*g**2 - 5*g - 7. What is j(8)?
17
Let p(c) = -c - 24. Give p(-22).
-2
Let f(a) = a**2 - 9*a + 1. Calculate f(9).
1
Let c(t) = -2*t**3 - t**2 + 4*t + 6. Give c(0).
6
Let x(t) = t**2 - 12*t + 24. Calculate x(10).
4
Let n(j) = 11*j - 66. Give n(7).
11
Let v(w) = -4*w + 12. Give v(-14).
68
Let x(j) = -j**3 + 9*j**2 + j - 11. Calculate x(9).
-2
Let h(i) = 2*i - 9. Calculate h(-7).
-23
Let g(z) = 27*z + 428. Determine g(-16).
-4
Let b(v) = v**2 - 13*v - 22. Give b(15).
8
Let q(h) = h + 2. What is q(8)?
10
Let f(q) = -q**3 + q**2 + 3*q - 9. Calculate f(2).
-7
Let t(a) = 8*a**3 + a. Give t(-1).
-9
Let k(v) = -42*v - 4. Give k(1).
-46
Let k(c) = -c**3 - 11*c**2 - 4*c - 12. What is k(-11)?
32
Let j(u) = u**3 + 7*u**2 + 3. Give j(-7).
3
Let z(f) = -f**3 - 7*f**2 - 3*f + 5. Give z(-5).
-30
Let l(w) = w - 23. Give l(12).
-11
Let m(g) = g**3 + 12*g**2 - 10*g + 31. What is m(-13)?
-8
Let a(r) = -r**3 + 9*r**2 - 3*r + 16. Calculate a(8).
56
Let y(m) = -m**2 - 21*m - 51. Calculate y(-14).
47
Let n(k) = -k - 14. Give n(-11).
-3
Let c(t) = -t**2 + 13*t + 8. Give c(13).
8
Let n(f) = -5*f + 10. What is n(12)?
-50
Let b(l) = l**2 - 10*l + 34. What is b(3)?
13
Let r(g) = 2*g**2 - 12*g - 12. Determine r(5).
-22
Let t(m) = 9*m - 42. Give t(17).
111
Let l(h) = 2*h**2 + 21*h - 28. Give l(-12).
8
Let p(h) = -h**3 + 4*h + 4. Give p(-2).
4
Let g(l) = 9*l - 9. Give g(2).
9
Let h(y) = y**2 - 8*y - 41. Determine h(-5).
24
Let x(z) = -6*z + 134. Give x(24).
-10
Let o(y) = y**2 + 8*y - 8. Determine o(-6).
-20
Let y(j) = 36*j + 173. What is y(-5)?
-7
Let t(j) = -8*j + 3. What is t(1)?
-5
Let f(l) = -l**2 - 13*l - 43. Determine f(-4).
-7
Let s(a) = 3*a**3 - a**2 - 7*a + 9. Determine s(2).
15
Let c(m) = 22*m - 5. Determine c(-1).
-27
Let j(h) = 2*h**3 + 2*h**2 + 4. Determine j(3).
76
Let k(f) = -f**2 + 4*f + 8. Give k(8).
-24
Let k(x) = -6*x + 1. Calculate k(3).
-17
Let s(n) = -5*n**2 + 11*n - 12. What is s(1)?
-6
Let c(a) = a**2 + 5*a - 4. Give c(-7).
10
Let f(x) = -5*x**3 - 2*x**2 + x + 2. What is f(-2)?
32
Let s(u) = 37*u - 745. What is s(20)?
-5
Let q(c) = -28*c - 2. Give q(2).
-58
Let j(d) = -d**2 + 27*d - 78. Give j(23).
14
Let m(w) = w**3 - 15*w**2 + w - 21. Determine m(15).
-6
Let f(a)